{"id":470,"date":"2010-11-26T18:48:54","date_gmt":"2010-11-26T16:48:54","guid":{"rendered":"http:\/\/sanitaetsschule112.de\/neu\/?page_id=470"},"modified":"2021-01-09T10:45:36","modified_gmt":"2021-01-09T08:45:36","slug":"erste-hilfe-kurs","status":"publish","type":"page","link":"https:\/\/sanitaetsschule112.de\/neu\/erste-hilfe-kurs\/","title":{"rendered":"ERSTE HILFE KURS"},"content":{"rendered":"<p><strong><span style=\"color: #000000;\"><em>&#8222;EH&#8220; ERSTE HILFE KURS 9 Unterrichtsstunden&nbsp; f\u00fcr F\u00fchrerscheinklassender Klassen und f\u00fcr Ersthelfer im Betrieb.&nbsp;&nbsp;Die Kosten betragen 40,- \u20ac<\/em><\/span><\/strong><\/p>\n<p><strong><span style=\"color: #000000;\"><em>Wenn Sie Ihr Arbeitgeber zum Ersthelfer im Betrieb benannt hat , ist eine Kosten\u00fcbernahme der Kursgeb\u00fchren durch die Berufsgenossenschaften m\u00f6glich. Gerne f\u00fchren wir auch in Ihrem Betrieb eine Ersthelfer-Schulung durch. Rufen Sie uns an!<\/em><\/span><\/strong><\/p>\n<p><strong><span style=\"color: #888888;\"><em><a href=\"http:\/\/sanitaetsschule112.de\/neu\/wp-content\/uploads\/2010\/11\/Notfallmangemnt-in-der-Arztpraxis-22.07.09-Marktobersdorf-0141.jpg\"><img loading=\"lazy\" class=\"aligncenter size-thumbnail wp-image-1177\" title=\"Notfallmangemnt in der Arztpraxis 22.07.09 Marktobersdorf 014\" src=\"http:\/\/sanitaetsschule112.de\/neu\/wp-content\/uploads\/2010\/11\/Notfallmangemnt-in-der-Arztpraxis-22.07.09-Marktobersdorf-0141-150x150.jpg\" alt=\"\" width=\"150\" height=\"150\"><\/a><\/em><\/span><\/strong><\/p>\n<p>&nbsp;<\/p>\n<p><strong><span style=\"color: #888888;\"><span style=\"color: #000000;\">&#8211; Krampfanf\u00e4lle<\/span><\/span><\/strong><\/p>\n<p><span style=\"color: #000000;\"><strong>&#8211; Bewu\u00dftlosigkeit<\/strong><\/span><\/p>\n<p><span style=\"color: #000000;\"><strong>&#8211; Thermische Notf\u00e4lle<\/strong><\/span><\/p>\n<p><span style=\"color: #000000;\"><strong>&#8211; Blutungen<\/strong><\/span><\/p>\n<p><span style=\"color: #000000;\"><strong>&#8211; Helmabnahme<\/strong><\/span><\/p>\n<p><span style=\"color: #000000;\"><strong>&#8211; Wiederbelebung<\/strong><\/span><\/p>\n<p><span style=\"color: #000000;\"><strong>&#8211; Atemnot<\/strong><\/span><\/p>\n<p><span style=\"color: #000000;\"><strong>&#8211; Schockbek\u00e4mpfung<\/strong><\/span><\/p>\n<p><span style=\"color: #000000;\"><strong>Anmeldung unter: 0800- 5891809 oder unter <a href=\"mailto:info@sanitaetsschule112.de\"><span style=\"color: #000000;\">info@sanitaetsschule112.de<\/span><\/a><\/strong><\/span><\/p>\n<p><span style=\"color: #000000;\"><strong>Kursgeb\u00fchr: 30,-\u20ac<\/strong><\/span><\/p>\n<p><strong><em><span style=\"color: #000000;\">Wir f\u00fchren&nbsp;in den Landkreisen Kelheim, Erding, Regensburg, Dachau, Landshut, Dingolfing, Ebersberg, Ingolstadt, F\u00fcrstenfeldbruck, Starnberg, Deggendorf, Passau, Freyung-Grafenau, Rottal-Inn&nbsp;und M\u00fcnchen,&nbsp;in Ihrem Betrieb eine Ersthelfer-Ausbildung durch.&nbsp;&nbsp;Die Kosten k\u00f6nnen von der Berufsgenossenschaft \u00fcbernommen werden. Sprechen Sie uns einfach an unter der Tel.: 0800-5891809&nbsp; oder unter <a href=\"mailto:info@sanitaetsschule112.de\"><span style=\"color: #000000;\">info@sanitaetsschule112.de<\/span><\/a>.<\/span> <\/em><\/strong><\/p>\n","protected":false},"excerpt":{"rendered":"<p>&#8222;EH&#8220; ERSTE HILFE KURS 9 Unterrichtsstunden&nbsp; f\u00fcr F\u00fchrerscheinklassender Klassen und f\u00fcr Ersthelfer im Betrieb.&nbsp;&nbsp;Die Kosten betragen 40,- \u20ac Wenn Sie Ihr Arbeitgeber zum Ersthelfer im Betrieb benannt hat , ist eine Kosten\u00fcbernahme der Kursgeb\u00fchren durch die Berufsgenossenschaften m\u00f6glich. Gerne f\u00fchren wir auch in Ihrem Betrieb eine Ersthelfer-Schulung durch. Rufen Sie uns an! &nbsp; &#8211; Krampfanf\u00e4lle &hellip; <a href=\"https:\/\/sanitaetsschule112.de\/neu\/erste-hilfe-kurs\/\" class=\"more-link\"><span class=\"screen-reader-text\">ERSTE HILFE KURS<\/span> weiterlesen <span class=\"meta-nav\">&rarr;<\/span><\/a><\/p>\n","protected":false},"author":3,"featured_media":0,"parent":0,"menu_order":0,"comment_status":"closed","ping_status":"closed","template":"","meta":{"ngg_post_thumbnail":0},"_links":{"self":[{"href":"https:\/\/sanitaetsschule112.de\/neu\/wp-json\/wp\/v2\/pages\/470"}],"collection":[{"href":"https:\/\/sanitaetsschule112.de\/neu\/wp-json\/wp\/v2\/pages"}],"about":[{"href":"https:\/\/sanitaetsschule112.de\/neu\/wp-json\/wp\/v2\/types\/page"}],"author":[{"embeddable":true,"href":"https:\/\/sanitaetsschule112.de\/neu\/wp-json\/wp\/v2\/users\/3"}],"replies":[{"embeddable":true,"href":"https:\/\/sanitaetsschule112.de\/neu\/wp-json\/wp\/v2\/comments?post=470"}],"version-history":[{"count":36,"href":"https:\/\/sanitaetsschule112.de\/neu\/wp-json\/wp\/v2\/pages\/470\/revisions"}],"predecessor-version":[{"id":6347,"href":"https:\/\/sanitaetsschule112.de\/neu\/wp-json\/wp\/v2\/pages\/470\/revisions\/6347"}],"wp:attachment":[{"href":"https:\/\/sanitaetsschule112.de\/neu\/wp-json\/wp\/v2\/media?parent=470"}],"curies":[{"name":"wp","href":"https:\/\/api.w.org\/{rel}","templated":true}]}}